876702 a multiple of 100?
False
Is 33 a factor of 1096557?
True
Is 2446180 a multiple of 22?
True
Is 2000 a multiple of 40?
True
Does 424 divide 780748?
False
Does 74 divide 1388519?
False
Is 238 a factor of 643069?
False
Is 8360 a multiple of 6?
False
Is 600005 a multiple of 155?
True
Is 98 a factor of 55902?
False
Does 473 divide 3708793?
True
Does 15 divide 113820?
True
Is 680865 a multiple of 31?
False
Is 9 a factor of 3987?
True
Does 158 divide 910712?
True
Is 28667 a multiple of 49?
False
Does 213 divide 2059284?
True
Is 51 a factor of 872531?
False
Is 630 a factor of 792687?
False
Does 195 divide 334033?
False
Does 96 divide 106055?
False
Is 231 a factor of 754215?
True
Does 4 divide 127128?
True
Does 489 divide 28821585?
False
Does 10 divide 1601934?
False
Is 16 a factor of 81457?
False
Does 423 divide 3541779?
True
Is 40 a factor of 604320?
True
Is 29265720 a multiple of 15?
True
Is 3775557 a multiple of 141?
True
Is 60228 a multiple of 12?
True
Is 2 a factor of 1691297?
False
Is 6 a factor of 77929?
False
Is 11 a factor of 2566960?
True
Is 125040 a multiple of 104?
False
Does 4 divide 3296144?
True
Is 5312190 a multiple of 26?
True
Does 4 divide 1216?
True
Is 433813 a multiple of 12?
False
Does 44 divide 96112?
False
Is 5 a factor of 53005?
True
Does 2 divide 81154?
True
Does 25 divide 9125700?
True
Does 58 divide 134701?
False
Is 40062 a multiple of 11?
True
Is 4334200 a multiple of 52?
True
Is 310 a factor of 721060?
True
Is 31 a factor of 1915738?
True
Does 364 divide 738320?
False
Is 330 a factor of 172345?
False
Is 89 a factor of 375224?
True
Is 11916361 a multiple of 29?
True
Does 465 divide 3049935?
True
Is 4 a factor of 85422?
False
Is 7 a factor of 3906028?
True
Is 122768 a multiple of 5?
False
Is 7030881 a multiple of 81?
True
Is 14354902 a multiple of 1088?
False
Is 44 a factor of 584695?
False
Is 4 a factor of 1111105?
False
Is 6527663 a multiple of 664?
False
Does 7 divide 3209032?
False
Is 13940 a multiple of 10?
True
Is 771315 a multiple of 239?
False
Is 246 a factor of 506514?
True
Is 217192 even?
True
Is 68 a factor of 189788?
True
Is 172996 a multiple of 46?
False
Is 46968 a multiple of 24?
True
Is 546462 a multiple of 63?
True
Does 12 divide 21504927?
False
Does 235 divide 46765?
True
Is 11 a factor of 275183?
False
Is 36257 even?
False
Is 733790 a multiple of 14?
False
Does 8 divide 223986?
False
Does 18 divide 2703586?
False
Is 13 a factor of 16856?
False
Does 1719 divide 6720861?
False
Is 1408412 a multiple of 94?
False
Is 6 a factor of 313176?
True
Is 470796 a multiple of 3?
True
Does 25 divide 120168?
False
Is 182077 a multiple of 29?
False
Is 4898257 a multiple of 78?
False
Is 323064 a multiple of 504?
True
Is 157 a factor of 304689?
False
Is 127 a factor of 18415?
True
Is 47 a factor of 1527453?
True
Is 764 a factor of 2842844?
True
Is 289 a factor of 8643279?
False
Does 48 divide 31248?
True
Is 273411 a multiple of 17?
True
Is 16994 a multiple of 15?
False
Is 100 a factor of 13938?
False
Is 33088 a multiple of 18?
False
Is 21 a factor of 92904?
True
Is 100 a factor of 96400?
True
Is 205755 a multiple of 319?
True
Is 64218 a multiple of 77?
True
Is 40683 a multiple of 71?
True
Does 767 divide 334412?
True
Is 32316 a multiple of 20?
False
Does 8 divide 131256?
True
Does 6 divide 59508?
True
Is 435 a factor of 1732170?
True
Is 3818775 a multiple of 75?
True
Is 899153 a multiple of 5?
False
Is 329102 a multiple of 243?
False
Is 137936 a multiple of 90?
False
Does 2 divide 22338?
True
Is 8 a factor of 21955080?
True
Is 19 a factor of 39824?
True
Is 89 a factor of 9275683?
False
Does 12 divide 60144?
True
Is 33 a factor of 40536?
False
Is 12 a factor of 3912912?
True
Is 70 a factor of 1474106?
False
Is 23753255 a multiple of 1297?
False
Is 5219501 a multiple of 65?
False
Is 192 a factor of 221237?
False
Is 78288 a multiple of 16?
True
Does 273 divide 8591856?
True
Does 241 divide 9512270?
True
Does 21 divide 25515?
True
Is 123 a factor of 3102552?
True
Does 11 divide 4077330?
False
Does 222 divide 1157730?
True
Is 389580 a multiple of 430?
True
Is 57 a factor of 2522649?
True
Is 96934 a multiple of 34?
True
Is 20034 a multiple of 126?
True
Does 30 divide 1099398?
False
Does 36 divide 1033380?
True
Is 15 a factor of 437400?
True
Does 27 divide 2343006?
True
Is 1070023 a multiple of 19?
True
Does 190 divide 280627?
False
Is 2904849 a multiple of 34?
False
Does 12 divide 468184?
False
Is 502 a factor of 127757?
False
Is 931458 a multiple of 363?
True
Is 1208424 a multiple of 22?
False
Does 184 divide 96600?
True
Is 82 a factor of 53464?
True
Is 78 a factor of 2670?
False
Is 108009 a multiple of 7?
False
Is 61 a factor of 517158?
True
Does 20 divide 400873?
False
Is 51324 a multiple of 78?
True
Does 221 divide 1055859?
False
Is 5777548 a multiple of 28?
True
Is 95 a factor of 32585?
True
Does 32 divide 452255?
False
Is 69 a factor of 2626623?
True
Is 3574300 a multiple of 31?
True
Is 5 a factor of 733205?
True
Is 1716212 a multiple of 28?
False
Is 211 a factor of 5450526?
False
Is 11 a factor of 687647?
False
Does 98 divide 64949?
False
Does 370 divide 5211820?
True
Is 598 a factor of 3899730?
False
Is 404073 even?
False
Is 14 a factor of 137622?
False
Does 64 divide 50814?
False
Is 864 a factor of 6514546?
False
Is 26618928 a multiple of 2094?
True
Is 2586695 a multiple of 23?
True
Is 8849100 a multiple of 60?
True
Does 37 divide 6414671?
False
Is 5454417 a multiple of 59?
False
Is 94675 a multiple of 175?
True
Is 8190508 a multiple of 377?
False
Is 32 a factor of 125750?
False
Does 83 divide 5487544?
False
Is 7 a factor of 7406?
True
Does 19 divide 12418305?
True
Does 258 divide 301086?
True
Does 854 divide 3730313?
False
Does 4 divide 49062?
False
Does 53 divide 127973?
False
Is 40660527 a multiple of 69?
True
Is 334384 a multiple of 138?
False
Does 60 divide 451380?
True
Is 10 a factor of 133610?
True
Does 31 divide 114784?
False
Is 9314262 a multiple of 21?
False
Is 237826 a multiple of 2?
True
Is 199 a factor of 209149?
True
Is 6 a factor of 1267928?
False
Does 13 divide 6544286?
False
Is 83500 a multiple of 100?
True
Is 120 a factor of 174960?
True
Does 409 divide 871139?
False
Is 79 a factor of 94326?
True
Does 151 divide 943072?
False
Is 610918 a multiple of 22?
True
Is 54036 a multiple of 38?
True
Is 249 a factor of 17928?
True
Is 59 a factor of 44486?
True
Does 123 divide 76998?
True
Is 209 a factor of 29890762?
True
Does 207 divide 503631?
True
Does 19 divide 26828?
True
Does 10 divide 1432856?
False
Is 68 a factor of 28351?
False
Is 68 a factor of 2620176?
True
Is 131749 a multiple of 98?
False
Is 52296 a multiple of 24?
True
Is 79752 a multiple of 6?
True
Does 57 divide 889941?
True
Is 4 a factor of 95851?
False
Is 89584 a multiple of 44?
True
Is 74 a factor of 246346?
True
Is 30397 a multiple of 23?
False
Is 136 a factor of 2771408?
True
Does 177 divide 6911382?
False
Is 10 a factor of 967510?
True
Does 455 divide 989625?
True
Is 29 a factor of 622654?
False
Does 19 divide 4685913?
True
Does 59 divide 81892?
True
Does 13 divide 310882?
True
Is 29 a factor of 948822?
True
Is 71 a factor of 499257?
False
Does 68 divide 16959456?
False
Is 3792686 a multiple of 43?
True
Does 104 divide 215950?
False
Does 24 divide 10488?
True
Does 6 divide 24613?
False
Does 17 divide 1865716?
True
Does 303 divide 18030924?
True
Is 2295374 a multiple of 17?
True
Is 97769 a multiple of 6?
False
Is 742689 a multiple of 173?
True
Is 14 a factor of 1044057?
False
Is 118 a factor of 751306?
True
Is 607263 a multiple of 109?
False
Does 190 divide 565929?
False
Does 10 divide 160018?
False
Is 61654 a multiple of 58?
True
Does 118 divide 525116?
False
Is 59862 a multiple of 22?
True
Is 1876819 a multiple of 197?
True
Does 155 divide 5119805?
True
Is 296412 a multiple of 204?
True
Is 51448 a multiple of 194?
False
Does 39 divide 89739?
True
Does 713 divide 19251?
True
Is 27 a factor of 543942?
True
Is 18 a factor of 2140146?
True
Is 4012162 a multiple of 154?
True
Is 14 a factor of 5054949?
False
Does 640 divide 2356020?
False
Is 10 a factor of 432306?
False
Is 63632 a multiple of 8?
True
Is 2271165 a multiple of 95?
True
Is 114 a factor of 12887950?
False
Does 26 divide 39555?
False
Is 122752 a multiple of 137?
True
Does 302 d